pose -o*h + 2354 = -996. What is the tens digit of h?
7
Let r(i) = -i**3 + 24*i**2 - 14*i + 43. Let k(t) = t**2 + 7*t - 39. Let l be k(-12). What is the units digit of r(l)?
2
Suppose 0 = 3*z - 2*t - 740, -4*z + 3*t = z - 1233. Let m = z + -74. What is the hundreds digit of m?
1
Let q be (-90)/(-4) - ((-17)/(-2) + -8). What is the hundreds digit of 2*4/(-44) - (-4140)/q?
1
Suppose 4844 = j + 2*f, -2*j - 3*f = 2*j - 19351. Suppose -7*h + j = -3209. What is the thousands digit of h?
1
Suppose 0 = -3*w + g - 2552 + 7102, g = 2*w - 3034. Suppose 0 = -16*f + 660 + w. What is the hundreds digit of f?
1
Let n(b) = -b**3 + 3*b**2 + 46*b + 71298. What is the units digit of n(0)?
8
Let n(h) = -6 + 11*h**3 - 6*h**2 - 14*h - 10*h**3 + 17. Let u be n(8). What is the tens digit of (-3)/(u/(-331)) + 52/234?
3
Let v = 5019 - -2077. What is the units digit of v?
6
Suppose 5*b - 10*b - 4*x + 17721 = 0, x = -1. Let u = 13 + -27. What is the hundreds digit of 4/u - 0 - b/(-35)?
1
What is the tens digit of 142/((4/(-5 + 4))/(-153 - -19))?
5
Let n = 1083 + 289. Suppose -2*r + n = 5*s, -s + 142 + 130 = r. What is the hundreds digit of s?
2
Suppose 34*z + 20 = 38*z. Suppose 3*k + 0*q + z*q - 842 = 0, -2*k - 4*q + 558 = 0. What is the tens digit of k?
8
Let p = 1647 - 183. What is the units digit of p?
4
Let m(s) = -564*s + 212. What is the units digit of m(-1)?
6
Let z(p) = 104*p**2 - p + 2. Let s be (-8)/(-6)*(119/14 - 7). What is the tens digit of z(s)?
1
Let t be (-9)/(-6)*((-12)/4 + 623). What is the tens digit of (t/40 + -3)*(-8)/(-3)?
5
What is the thousands digit of -4 + (-349657)/(-38) + 3/6?
9
What is the thousands digit of (17/3 + -6)*-13302?
4
What is the hundreds digit of (2/(-7) + (-1048)/(-140))/((-60)/(-258800))?
0
Let m = 170 + -268. Let q be m*3/(6/(-4)). Let i = -121 + q. What is the tens digit of i?
7
Let q(t) = 2*t**2 + 9*t - 2. Let s be q(18). Suppose 116 = 12*d - s. What is the units digit of d?
7
Suppose -5*y + o = -126010, 4*y = -o + 58562 + 42246. What is the tens digit of y?
0
Let n(s) = 3*s**3 - 25*s**2 + 28*s + 364. What is the hundreds digit of n(23)?
2
Suppose 4*n - 27498 = -5*r, 2*r + n - 6463 = 4538. What is the units digit of r?
2
Suppose 127 + 3 = 13*t. Suppose -5*o + 63 = 3*p - t*o, -105 = -5*p - o. What is the units digit of p?
1
Suppose -w = 2*w - 495. Suppose -u = -4*p + p - 15, -4*p - 20 = 0. Suppose u = 5*o + 6*o - w. What is the units digit of o?
5
Let a(x) = 24 - 9 - 2*x - x. Let b be a(7). What is the units digit of 61 - (-1 - b/2*1)?
9
Suppose 0 = -7*n + 2*n - 3*p - 504, -4*p - 210 = 2*n. Let k = n - -84. Let m(o) = o**2 + 6*o. What is the units digit of m(k)?
5
Suppose 0*d = -y - 4*d - 2179, 3*d - 8773 = 4*y. Let o = 3102 + y. What is the hundreds digit of o?
9
Suppose 2*t = 3*f - 3 + 5, 0 = f + 2*t - 2. Suppose f = -3*w - 3*s + 969, w + 5*s - 319 = -0*s. What is the hundreds digit of w?
3
Let y(v) = -6*v**2 - v**3 + 15 + 14283*v + 34*v**3 - 14276*v. What is the units digit of y(3)?
3
Suppose t - 10687 = 4726. What is the ten thousands digit of t?
1
Let l = 509 - 656. Suppose -3*b = 2*b - 1150. Let w = b + l. What is the tens digit of w?
8
Suppose -w + 2*s = -10, 5*w + 5*s - 2 = 48. Suppose -w*k + 14*k - 967 = 5*v, -711 = -3*k - v. What is the tens digit of k?
3
Suppose 0 = 3*b - 2*u - 3892, u = -b + 4*u + 1309. Let x = -543 + b. What is the units digit of x?
1
Let u(r) = -13*r - 21. Let b be u(-6). Let h = b - 60. What is the units digit of (-58)/((-20)/(-30) - (-4)/h)?
7
Let i(w) = -3*w - 155. Let o be i(0). Let j = 195 - o. What is the units digit of j?
0
Suppose 3*h + d - 797 = 0, -534 = -2*h - 0*h - 2*d. Suppose 10*m - h = 15. What is the tens digit of m?
2
Let a(t) = 12*t + 77. Let q be a(-6). Suppose 0 = q*j - s - 9240, 2*j - 3174 = -s + 529. What is the units digit of j?
9
Suppose -9*w - 4 + 22 = 0. Suppose 2*x = -w*x - 12, 0 = 3*z - 2*x - 96. What is the tens digit of z?
3
Let n be (-25)/(-100) + 1/(-4). Suppose n = -5*j + 15, -3*j - 224 = 3*u - 2462. What is the units digit of u?
3
Suppose 4*v - 27829 = 3*c, -5*v + 6*v - 6956 = 2*c. What is the units digit of v?
8
Let i be 12/42 - (-2)/(-7). Let f(a) = 4*a + 42 + 8*a - 25 - 14*a - 2*a**2. What is the tens digit of f(i)?
1
Let m = -159 + 187. What is the units digit of (3 + 458/4)/(7/m)?
0
Let v = 263 + -247. Suppose -v*x = 11*x - 8883. What is the tens digit of x?
2
Suppose 151*b = f + 147*b - 26219, 0 = 5*f + 3*b - 131003. What is the thousands digit of f?
6
Suppose 3*y + 6 = 0, -28*y + 25*y + 52246 = 4*v. What is the units digit of v?
3
Let z(o) = 5*o**2 + 43*o - 6549. What is the thousands digit of z(-101)?
0
Suppose 1350 - 8182 = -16*v. Suppose 0 = 3*n - v + 94. What is the tens digit of n?
1
Suppose 12 = 73*b - 67*b. Suppose -b*o + 692 = -2*t + 6*t, 0 = -t + 2*o + 163. Suppose 0 = 2*z - t - 75. What is the hundreds digit of z?
1
Let i(n) = 6*n**2 - 36*n + 611. What is the tens digit of i(49)?
5
Let q be 12952/(-26) - (5 + (-469)/91). Let s = q - -1419. What is the units digit of s?
1
Suppose -5*l = -5*s + 3 + 2, -5 = -4*l - 5*s. Suppose -5*v + 5 = 0, 2*x + v - 6*v - 203 = l. Suppose -16 = 4*z, w - 3*w + z = -x. What is the tens digit of w?
5
Let h be -4 - (848*-1 + 4/(-2)). Suppose 4*m = -5*u + 2087, -2*u + 5*m + h = m. What is the units digit of u?
9
Let j(d) = 2338*d**2 - 19*d - 25. What is the units digit of j(-2)?
5
Let b(j) = -3*j**2 - 6*j - 3. Let c be b(-2). What is the hundreds digit of (c/(2 + -3))/(10/1570)?
4
Suppose 4*r - 330 = 4*a + 594, 0 = -a + 4*r - 234. Suppose 17*i = 26*i + 819. Let c = i - a. What is the hundreds digit of c?
1
Let j(c) = -20*c + 313. Let v be j(16). Let n(o) = -o + 1. Let t(r) = r**3 + 7*r**2 - 6*r + 27. Let p(y) = -5*n(y) + t(y). What is the tens digit of p(v)?
2
Let m = -3 - -5. Let o be (3 - m)/(2/310). Let a = o - 91. What is the tens digit of a?
6
Let b(f) = 7*f**2 + 220*f + 703. What is the tens digit of b(43)?
0
Let x(r) = 223*r + 1. Let h be x(1). Let a be 29148/231 + 14/(-77). Let v = h - a. What is the tens digit of v?
9
Suppose 0 = 4*p - w - 3*w - 4, -5 = 3*p - 5*w. Suppose -p*i = 1 - 21. Let h(g) = 53*g - 30. What is the hundreds digit of h(i)?
1
Let u(v) = -v**2 - 17*v - 61. Let d be u(-11). Suppose d*r - 4224 = -7*r. What is the tens digit of r?
5
Suppose 0 = -2*s + 20 - 0. Let a = s + 94. Let x = a - 21. What is the tens digit of x?
8
Suppose 11*l - 6*l - 245 = 0. Suppose -l*v - 1020 = -55*v. What is the hundreds digit of v?
1
Let a = 708 - 448. Let q = 918 + -1027. Let i = q + a. What is the tens digit of i?
5
Let h = -79 - -91. Let t be (-6)/(-8) - (-1023)/h - 2. Suppose t = w - 1. What is the units digit of w?
5
Suppose -1941 = -5*u - 2*q, -4*q + 2*q = -5*u + 1929. Let c = 934 - u. What is the units digit of c?
7
Suppose 3236131 = -249*f + 13199368. What is the thousands digit of f?
0
Suppose 0 = 13*h + 11*h - 306840. What is the units digit of h?
5
Suppose 4*i + 60 = -2*q, 2*i - 115 - 45 = 4*q. Let d = 107 + q. What is the units digit of d?
9
Let j = 296 + -299. What is the tens digit of (((-1)/j)/1)/(104/267384)?
5
Let v(j) = 376*j**2 + 17*j - 82. What is the units digit of v(-6)?
2
Let t be ((-22014)/(-30))/(2 + 38/(-20)). Suppose -16*c + 10*c + t = 0. What is the tens digit of c?
2
Let v(c) = 12516*c - 1245. What is the tens digit of v(4)?
1
Let o(n) = 0*n + n**2 - 3*n + n - 4*n - 2. Let i be o(7). Let h(v) = 2*v**2 + 6*v. What is the tens digit of h(i)?
8
Suppose -2*d - 3*s = -7598, 0 = -d - 19*s + 21*s + 3778. What is the tens digit of d?
9
Let q = 1161 - 991. What is the units digit of q/(-595) - 12413/(-7)?
3
Let o(u) = u**3 - 14*u**2 - u + 14. Let l(k) = k**2 + 14*k - 17. Let t be l(-16). Let p be o(t). Suppose 17*m = 15*m + p. What is the tens digit of m?
1
Suppose 30*y - 22*y = 0. Suppose -19*d + 7*d + 4032 = y. What is the units digit of d?
6
Suppose 0 = -5*l + 3*w + 53532, 16*w = 5*l + 14*w - 53538. What is the tens digit of l?
1
Let w(r) = 40*r**3 - 2*r + 3. Suppose 0 = 3*n - 11 + 5. Let q(j) = 3*j - 5. Let x be q(n). What is the units digit of w(x)?
1
Suppose -2*q - 5*z = -25069, -16834 = 3*q + 4*z - 54427. What is the ten thousands digit of q?
1
Suppose -5*i + 2618*r + 266401 = 2621*r, 3*r = -2*i + 106573. What is the ten thousands digit of i?
5
Suppose 1693 + 5178 = r. What is the hu